{"id":4957,"date":"2026-02-17T10:49:21","date_gmt":"2026-02-17T16:49:21","guid":{"rendered":"https:\/\/monteflorhon.com\/store\/?post_type=product&#038;p=4957"},"modified":"2026-02-17T10:49:21","modified_gmt":"2026-02-17T16:49:21","slug":"ep-91-sol-en-primavera","status":"publish","type":"product","link":"https:\/\/monteflorhon.com\/store\/index.php\/product\/ep-91-sol-en-primavera\/","title":{"rendered":"EP-91 Sol en Primavera"},"content":{"rendered":"<p class=\"cvGsUA direction-ltr align-start para-style-body\"><span class=\"OYPEnA font-feature-liga-off font-feature-clig-off font-feature-calt-off text-decoration-none text-strikethrough-none\">Este encantador arreglo floral est\u00e1 compuesto por vibrantes girasoles que evocan alegr\u00eda, acompa\u00f1ados de hermosas rosas rojas que simbolizan amor profundo.Todo est\u00e1 cuidadosamente dispuesto en canasta met\u00e1lica azul, y coronado con botella de vino tinto envuelta en un lazo rojo, lista para brindar por momentos inolvidables.<\/span><\/p>\n<p class=\"cvGsUA direction-ltr align-start para-style-body\">\n<p class=\"cvGsUA direction-ltr align-start para-style-body\"><span class=\"OYPEnA font-feature-liga-off font-feature-clig-off font-feature-calt-off text-decoration-none text-strikethrough-none\">Dimensio\u0301n:<\/span><\/p>\n<p class=\"cvGsUA direction-ltr align-start para-style-body\"><span class=\"OYPEnA font-feature-liga-off font-feature-clig-off font-feature-calt-off text-decoration-none text-strikethrough-none\">15\u2019\u2019 Alto y 14\u201d Ancho<\/span><\/p>\n<p class=\"cvGsUA direction-ltr align-start para-style-body\">\n","protected":false},"excerpt":{"rendered":"<p class=\"cvGsUA direction-ltr align-start para-style-body\"><span class=\"OYPEnA font-feature-liga-off font-feature-clig-off font-feature-calt-off text-decoration-none text-strikethrough-none\">Este encantador arreglo floral est\u00e1 compuesto por vibrantes girasoles que evocan alegr\u00eda, acompa\u00f1ados de hermosas rosas rojas que simbolizan amor profundo.Todo est\u00e1 cuidadosamente dispuesto en canasta met\u00e1lica azul, y coronado con botella de vino tinto envuelta en un lazo rojo, lista para brindar por momentos inolvidables.\u00e7<\/span><\/p>\n<p class=\"cvGsUA direction-ltr align-start para-style-body\"><span class=\"OYPEnA font-feature-liga-off font-feature-clig-off font-feature-calt-off text-decoration-none text-strikethrough-none\">Dimensio\u0301n:<\/span><\/p>\n<p class=\"cvGsUA direction-ltr align-start para-style-body\"><span class=\"OYPEnA font-feature-liga-off font-feature-clig-off font-feature-calt-off text-decoration-none text-strikethrough-none\">15\u2019\u2019 Alto y 14\u201d Ancho<\/span><\/p>\n<p class=\"cvGsUA direction-ltr align-start para-style-body\">\n","protected":false},"featured_media":4958,"comment_status":"open","ping_status":"closed","template":"","meta":[],"product_cat":[81,85,96,75],"product_tag":[],"class_list":{"0":"post-4957","1":"product","2":"type-product","3":"status-publish","4":"has-post-thumbnail","6":"product_cat-dia-de-la-mujer","7":"product_cat-homecat","8":"product_cat-inhabilitados-feb-2026","9":"product_cat-romanticos","11":"first","12":"instock","13":"shipping-taxable","14":"purchasable","15":"product-type-simple"},"_links":{"self":[{"href":"https:\/\/monteflorhon.com\/store\/index.php\/wp-json\/wp\/v2\/product\/4957","targetHints":{"allow":["GET"]}}],"collection":[{"href":"https:\/\/monteflorhon.com\/store\/index.php\/wp-json\/wp\/v2\/product"}],"about":[{"href":"https:\/\/monteflorhon.com\/store\/index.php\/wp-json\/wp\/v2\/types\/product"}],"replies":[{"embeddable":true,"href":"https:\/\/monteflorhon.com\/store\/index.php\/wp-json\/wp\/v2\/comments?post=4957"}],"wp:featuredmedia":[{"embeddable":true,"href":"https:\/\/monteflorhon.com\/store\/index.php\/wp-json\/wp\/v2\/media\/4958"}],"wp:attachment":[{"href":"https:\/\/monteflorhon.com\/store\/index.php\/wp-json\/wp\/v2\/media?parent=4957"}],"wp:term":[{"taxonomy":"product_cat","embeddable":true,"href":"https:\/\/monteflorhon.com\/store\/index.php\/wp-json\/wp\/v2\/product_cat?post=4957"},{"taxonomy":"product_tag","embeddable":true,"href":"https:\/\/monteflorhon.com\/store\/index.php\/wp-json\/wp\/v2\/product_tag?post=4957"}],"curies":[{"name":"wp","href":"https:\/\/api.w.org\/{rel}","templated":true}]}}