{"id":4965,"date":"2025-04-30T11:58:06","date_gmt":"2025-04-30T17:58:06","guid":{"rendered":"https:\/\/monteflorhon.com\/store\/?post_type=product&#038;p=4965"},"modified":"2026-03-13T09:30:37","modified_gmt":"2026-03-13T15:30:37","slug":"ep-95-destello-de-amor","status":"publish","type":"product","link":"https:\/\/monteflorhon.com\/store\/index.php\/product\/ep-95-destello-de-amor\/","title":{"rendered":"EP-95 Destello de Amor"},"content":{"rendered":"<p class=\"cvGsUA direction-ltr align-start para-style-body\"><span class=\"OYPEnA font-feature-liga-off font-feature-clig-off font-feature-calt-off text-decoration-none text-strikethrough-none\">Hermoso arreglo floral en una base rosada. Est\u00e1 compuesto por rosas rojas mini claveles y lirio Stargeiser, complementado con follajes verdes. Finalmente decorado con list\u00f3n rosa que aporta un toque delicado y rom\u00e1ntico al dise\u00f1o, ideal para ocasiones como aniversarios, cumplea\u00f1os, o para expresar cari\u00f1o y admiraci\u00f3n.<\/span><\/p>\n<p class=\"cvGsUA direction-ltr align-start para-style-body\"><span class=\"OYPEnA font-feature-liga-off font-feature-clig-off font-feature-calt-off text-decoration-none text-strikethrough-none\">Dimensio\u0301n: <\/span><span class=\"OYPEnA font-feature-liga-off font-feature-clig-off font-feature-calt-off text-decoration-none text-strikethrough-none\">13\u2019\u2019 Alto y 12\u201d Ancho<\/span><\/p>\n","protected":false},"excerpt":{"rendered":"<p class=\"cvGsUA direction-ltr align-start para-style-body\"><span class=\"OYPEnA font-feature-liga-off font-feature-clig-off font-feature-calt-off text-decoration-none text-strikethrough-none\">Hermoso arreglo floral en una base rosada. Est\u00e1 compuesto por rosas rojas mini claveles y lirio Stargeiser, complementado con follajes verdes. Finalmente decorado con list\u00f3n rosa que aporta un toque delicado y rom\u00e1ntico al dise\u00f1o, ideal para ocasiones como aniversarios, cumplea\u00f1os, o para expresar cari\u00f1o y admiraci\u00f3n.<\/span><\/p>\n<p class=\"cvGsUA direction-ltr align-start para-style-body\"><span class=\"OYPEnA font-feature-liga-off font-feature-clig-off font-feature-calt-off text-decoration-none text-strikethrough-none\">Dimensio\u0301n: <\/span><span class=\"OYPEnA font-feature-liga-off font-feature-clig-off font-feature-calt-off text-decoration-none text-strikethrough-none\">13\u2019\u2019 Alto y 12\u201d Ancho<\/span><\/p>\n","protected":false},"featured_media":4966,"comment_status":"open","ping_status":"closed","template":"","meta":[],"product_cat":[76],"product_tag":[],"class_list":{"0":"post-4965","1":"product","2":"type-product","3":"status-publish","4":"has-post-thumbnail","6":"product_cat-juvenil","8":"first","9":"instock","10":"shipping-taxable","11":"purchasable","12":"product-type-simple"},"_links":{"self":[{"href":"https:\/\/monteflorhon.com\/store\/index.php\/wp-json\/wp\/v2\/product\/4965","targetHints":{"allow":["GET"]}}],"collection":[{"href":"https:\/\/monteflorhon.com\/store\/index.php\/wp-json\/wp\/v2\/product"}],"about":[{"href":"https:\/\/monteflorhon.com\/store\/index.php\/wp-json\/wp\/v2\/types\/product"}],"replies":[{"embeddable":true,"href":"https:\/\/monteflorhon.com\/store\/index.php\/wp-json\/wp\/v2\/comments?post=4965"}],"wp:featuredmedia":[{"embeddable":true,"href":"https:\/\/monteflorhon.com\/store\/index.php\/wp-json\/wp\/v2\/media\/4966"}],"wp:attachment":[{"href":"https:\/\/monteflorhon.com\/store\/index.php\/wp-json\/wp\/v2\/media?parent=4965"}],"wp:term":[{"taxonomy":"product_cat","embeddable":true,"href":"https:\/\/monteflorhon.com\/store\/index.php\/wp-json\/wp\/v2\/product_cat?post=4965"},{"taxonomy":"product_tag","embeddable":true,"href":"https:\/\/monteflorhon.com\/store\/index.php\/wp-json\/wp\/v2\/product_tag?post=4965"}],"curies":[{"name":"wp","href":"https:\/\/api.w.org\/{rel}","templated":true}]}}

<p class="cvGsUA direction-ltr align-start para-style-body"><span class="OYPEnA font-feature-liga-off font-feature-clig-off font-feature-calt-off text-decoration-none text-strikethrough-none">Hermoso arreglo floral en una base rosada. Está compuesto por rosas rojas mini claveles y lirio Stargeiser, complementado con follajes verdes. Finalmente decorado con listón rosa que aporta un toque delicado y romántico al diseño, ideal para ocasiones como aniversarios, cumpleaños, o para expresar cariño y admiración.</span></p>
<p class="cvGsUA direction-ltr align-start para-style-body"><span class="OYPEnA font-feature-liga-off font-feature-clig-off font-feature-calt-off text-decoration-none text-strikethrough-none">Dimensión: </span><span class="OYPEnA font-feature-liga-off font-feature-clig-off font-feature-calt-off text-decoration-none text-strikethrough-none">13’’ Alto y 12” Ancho</span></p>
